d 4502552.
136
What is the greatest common factor of 154 and 29554483?
7
What is the highest common divisor of 1737868 and 96721?
311
Calculate the greatest common factor of 1084 and 5929480.
1084
What is the greatest common divisor of 24047030 and 70?
70
What is the greatest common divisor of 2590 and 60101468?
518
What is the greatest common divisor of 951374 and 503956?
698
Calculate the highest common factor of 18677480 and 36808.
344
What is the highest common factor of 9979239 and 177?
3
Calculate the highest common factor of 133264928 and 752.
752
What is the highest common factor of 2490 and 84130377?
249
What is the highest common factor of 224 and 27651568?
112
What is the greatest common factor of 411913 and 5363?
173
Calculate the greatest common divisor of 1598736 and 2432.
304
Calculate the highest common factor of 321241064 and 8.
8
Calculate the greatest common divisor of 36159 and 176817.
51
What is the highest common divisor of 435 and 43681845?
15
What is the highest common factor of 2335762 and 31317?
143
Calculate the highest common divisor of 1593064 and 85140.
1892
Calculate the highest common divisor of 34819 and 79.
1
Calculate the highest common factor of 53550720 and 1836.
108
What is the greatest common factor of 15204123 and 4932?
1233
Calculate the greatest common factor of 882 and 239232.
42
Calculate the greatest common divisor of 80 and 22421605.
5
What is the greatest common factor of 70539 and 189?
21
Calculate the greatest common factor of 66755 and 7319.
13
What is the highest common factor of 1385910 and 261960?
1770
Calculate the highest common factor of 38 and 965903874.
38
Calculate the highest common factor of 5384168 and 1465.
293
What is the highest common divisor of 939 and 30155672?
313
Calculate the highest common factor of 22 and 19903103.
11
Calculate the greatest common factor of 54627 and 1674672.
417
Calculate the highest common divisor of 1798 and 4749417.
899
Calculate the greatest common factor of 219 and 1787770.
73
Calculate the highest common divisor of 3133503 and 17367.
2481
Calculate the highest common divisor of 205749 and 61263.
9
Calculate the greatest common divisor of 464 and 104530000.
16
What is the highest common factor of 4774 and 1301597?
341
Calculate the greatest common divisor of 98307755 and 140.
35
Calculate the greatest common divisor of 71050 and 37765.
35
Calculate the greatest common factor of 22 and 54487.
1
Calculate the greatest common divisor of 28361759 and 13319.
701
What is the greatest common divisor of 39121 and 12070?
71
Calculate the highest common divisor of 13370734 and 10.
2
Calculate the highest common divisor of 85500434 and 5826.
1942
Calculate the highest common factor of 316434 and 23322.
138
What is the greatest common divisor of 66 and 54955848?
6
Calculate the greatest common divisor of 15067472 and 87.
29
What is the greatest common divisor of 7753956 and 8?
4
What is the greatest common divisor of 8688 and 875859?
543
What is the greatest common factor of 282801 and 20263?
881
What is the highest common divisor of 5390037 and 8289?
27
Calculate the highest common divisor of 451651848 and 5688.
1896
What is the highest common factor of 12 and 714829800?
12
What is the greatest common factor of 5434190 and 1480?
370
Calculate the greatest common divisor of 531832 and 448.
56
Calculate the highest common factor of 169678405 and 117.
13
What is the highest common divisor of 14877 and 71334?
27
What is the greatest common divisor of 216 and 670086?
54
Calculate the highest common factor of 4554104542 and 12766.
12766
What is the greatest common factor of 149730 and 216510?
210
What is the greatest common factor of 12198 and 3001885?
107
Calculate the highest common divisor of 434 and 595126.
14
What is the greatest common factor of 874 and 17872863?
437
Calculate the greatest common divisor of 171717 and 288813.
357
What is the highest common divisor of 82 and 878082158?
82
Calculate the highest common factor of 953486930 and 110.
110
What is the greatest common divisor of 216905 and 472576?
923
What is the highest common factor of 11859 and 868521?
201
What is the greatest common divisor of 16512 and 1474986?
258
Calculate the highest common divisor of 33480 and 713961.
837
Calculate the greatest common divisor of 822 and 3835041.
411
Calculate the greatest common divisor of 4005 and 1831887.
801
Calculate the greatest common factor of 36511520 and 30.
10
What is the highest common divisor of 518 and 25258457?
259
What is the highest common divisor of 12066237 and 1078794?
7389
What is the greatest common divisor of 418476 and 935894?
1622
Calculate the highest common factor of 10043090 and 137360.
170
Calculate the greatest common factor of 867 and 5784947.
17
What is the highest common divisor of 2968 and 311638516?
1484
Calculate the greatest common divisor of 372960 and 1423800.
2520
What is the greatest common divisor of 917224 and 111056?
88
Calculate the greatest common factor of 264 and 170711079.
33
Calculate the greatest common factor of 4440 and 1104080.
1480
What is the highest common divisor of 601069 and 2856?
119
What is the highest common divisor of 3921 and 343?
1
Calculate the greatest common factor of 10352 and 137952.
16
Calculate the highest common divisor of 428475135 and 165.
165
What is the highest common divisor of 11011319 and 2783?
253
Calculate the greatest common factor of 1240 and 6398896.
248
Calculate the highest common factor of 83420187 and 476499.
16431
Calculate the highest common divisor of 8131 and 7285.
47
Calculate the greatest common divisor of 6025948 and 4.
4
What is the highest common divisor of 472 and 21145364?
236
Calculate the highest common divisor of 122200 and 94343288.
4888
Calculate the highest common factor of 1331 and 524535.
121
Calculate the greatest common factor of 15672192 and 1920.
384
What is the greatest common divisor of 22682 and 56166?
22
What is the highest common divisor of 962500 and 268730?
770
What is the greatest common factor of 530924 and 951172?
1604
What is the highest common factor of 13461 and 14407757?
4487
What is the greatest common divisor of 85799 and 130781?
833
What is the greatest common divisor of 51017112 and 108?
36
Calculate the highest common divisor of 51 and 246120747.
51
What is the highest common divisor of 4309200 and 30800?
2800
Calculate the highest common factor of 291416 and 723576.
584
What is the greatest common factor of 1368035 and 3803725?
3265
What is the highest common factor of 98632832 and 128?
128
What is the greatest common factor of 42776160 and 1260?
420
What is the highest common factor of 111348 and 15440?
4
What is the highest common factor of 21235 and 2770003?
137
Calculate the greatest common factor of 193518 and 3042.
234
Calculate the highest common factor of 61 and 65565179.
61
Calculate the highest common divisor of 3871 and 23288489.
553
What is the greatest common divisor of 116964 and 3424788?
2052
Calculate the greatest common divisor of 72 and 88652394.
18
What is the greatest common factor of 245840 and 220?
20
Calculate the highest common factor of 24 and 916635912.
24
Calculate the highest common factor of 971995977 and 342.
171
What is the greatest common factor of 2635 and 5015085?
85
What is the greatest common divisor of 442105195 and 5855?
5855
What is the highest common factor of 611 and 10755823?
13
What is the highest common divisor of 231791225 and 75?
25
Calculate the greatest common divisor of 1932304341 and 33.
33
Calculate the greatest common factor of 5049 and 1171665.
297
What is the highest common divisor of 3007 and 481461?
31
Calculate the greatest common divisor of 528 and 33358710.
66
What is the highest common divisor of 34 and 490921070?
34
What is the greatest common factor of 281116364 and 2563?
233
Calculate the greatest common divisor of 182 and 17363801.
91
Calculate the greatest common factor of 329374 and 329596.
74
What is the highest common divisor of 16150 and 222490?
190
What is the greatest common factor of 711659 and 2227619?
4211
Calculate the highest common divisor of 119646 and 208522.
34
What is the greatest common factor of 136 and 172211428?
68
Calculate the greatest comm